 - -13?
201317
In base 16, what is 54907f - -5?
549084
In base 10, what is 10151802 - 5?
10151797
In base 7, what is 60555435 - 5?
60555430
In base 16, what is -b75 - 4a7?
-101c
In base 5, what is 3342202221 - 12?
3342202204
In base 13, what is 2c63b3 + 78?
2c645b
In base 9, what is 51305426 - 5?
51305421
In base 5, what is -11 - -220140431?
220140420
In base 9, what is 518 + -20821?
-20302
In base 14, what is -2438 + -36a7?
-5b01
In base 9, what is -5820 - 6052?
-12872
In base 14, what is 6 + 1309c?
130a4
In base 13, what is 27139 - 267b?
2478b
In base 8, what is 60361 + -340?
60021
In base 5, what is -13204 - 2342303?
-2411012
In base 4, what is -1232111220201 - 0?
-1232111220201
In base 12, what is 26b63 + 150?
270b3
In base 4, what is -1033101 - 2222110?
-3321211
In base 10, what is -1 - 1042391?
-1042392
In base 4, what is -1222012033 + -320?
-1222013013
In base 5, what is -2 + 34231233?
34231231
In base 8, what is -61522 - 751?
-62473
In base 9, what is -20 - 415156?
-415176
In base 14, what is 2cc + -193d?
-1651
In base 13, what is -32b11a8 - -5?
-32b11a3
In base 11, what is -25345 + 11?
-25334
In base 12, what is -821 + 13080?
1245b
In base 10, what is 17 - 65809347?
-65809330
In base 2, what is -11100 - -10101011111101101?
10101011111010001
In base 2, what is -10010011101000010001101001101 - 100?
-10010011101000010001101010001
In base 15, what is -2 - 340ace?
-340ad1
In base 11, what is 3125aa9 + -3?
3125aa6
In base 4, what is 30032010 + -12302?
30013102
In base 3, what is -20200110201010 + -22?
-20200110201102
In base 8, what is 0 + -710042246?
-710042246
In base 10, what is 73 + -1176?
-1103
In base 8, what is -22202 - -412146?
367744
In base 7, what is 123 + 1450504?
1450630
In base 3, what is -122120202221221201 + 12?
-122120202221221112
In base 10, what is 193 + 416752?
416945
In base 3, what is 100211 + 1002022112?
1002200100
In base 15, what is 5a35 + -30c?
5728
In base 15, what is -3 - 50d630?
-50d633
In base 5, what is -14234 - 40024211?
-40044000
In base 3, what is -1120022 - -212120222?
211000200
In base 10, what is -21349 + 3651?
-17698
In base 13, what is c5 - -1ca01?
1cac6
In base 15, what is -1c4e03e + 0?
-1c4e03e
In base 10, what is 438176 - 59?
438117
In base 12, what is -21411 + 723?
-208aa
In base 3, what is 22021022 - 2020?
22012002
In base 13, what is 79054 - 45?
7900c
In base 16, what is -221a2f - 3?
-221a32
In base 3, what is -1022121101222211 + -2?
-1022121101222220
In base 11, what is 106a56a3 - -5?
106a56a8
In base 6, what is -1555200 + -1514?
-2001114
In base 3, what is -121200021102 + -2010?
-121200100112
In base 8, what is 3 + 125160236?
125160241
In base 10, what is -3 + -6130216?
-6130219
In base 4, what is -21333110310 - -20?
-21333110230
In base 16, what is 2617 + -1a3?
2474
In base 2, what is -11011011110110 + -10100001011101?
-101111101010011
In base 9, what is -3344565 + -23?
-3344588
In base 15, what is -7c7 - 1a68e?
-1ae66
In base 11, what is -14030614 + 2?
-14030612
In base 2, what is -1110011 - 10010110000101010100100?
-10010110000101100010111
In base 9, what is 271482 - 138?
271343
In base 7, what is 510 - 21660?
-21150
In base 7, what is 503424 + -2023?
501401
In base 3, what is -1 + -111001201201122?
-111001201201200
In base 11, what is 16745a40 + 3?
16745a43
In base 3, what is -1012220 + -100102221122?
-100111011112
In base 15, what is -3c79280 - -2?
-3c7927d
In base 14, what is -4 + -a44236?
-a4423a
In base 6, what is -5 + 13330442?
13330433
In base 15, what is -18 - -8bd93?
8bd7a
In base 11, what is -4 + a9309?
a9305
In base 14, what is -4 + -4b5464?
-4b5468
In base 6, what is -1401050 - 212?
-1401302
In base 3, what is 211 + -101100121121011?
-101100121120100
In base 11, what is -26007a + 84?
-25aaa6
In base 3, what is 21 + -2022111210102211?
-2022111210102120
In base 15, what is 4c8de2 - -1?
4c8de3
In base 10, what is -61392 - 104?
-61496
In base 4, what is -1 + -21212022332333?
-21212022333000
In base 7, what is 2260625 - 5?
2260620
In base 10, what is -2906 - -289142?
286236
In base 4, what is 32 - 331101220?
-331101122
In base 4, what is -323130 - 100113102?
-101102232
In base 16, what is -32760b + -10?
-32761b
In base 3, what is 21210021110121 - 10?
21210021110111
In base 10, what is -281835014 + 5?
-281835009
In base 16, what is 5640c2 + -4?
5640be
In base 16, what is -7dad + 459?
-7954
In base 12, what is -3002356 + -1?
-3002357
In base 11, what is 2143269 - 5?
2143264
In base 2, what is -100110 + 11100000111110111101101?
11100000111110111000111
In base 4, what is -2111232 + 122021?
-1323211
In base 5, what is -3332100 + -1431?
-3334031
In base 2, what is -101011001010 + 11101100101?
-1101100101
In base 16, what is -2acc8 - -55?
-2ac73
In base 14, what is 44133b - -104?
441441
In base 5, what is -12222131311 - 144?
-12222132010
In base 9, what is -1200147 - -1364?
-1187673
In base 16, what is 2 - 160bb3?
-160bb1
In base 7, what is -5 - 34620123?
-34620131
In base 14, what is -1720d + -435?
-17644
In base 5, what is -313 + -130220034?
-130220402
In base 15, what is 8876 - -3bd?
8c44
In base 13, what is -29b5 + -6c25?
-990a
In base 7, what is -2 + 2001634535?
2001634533
In base 8, what is 157563207 - 43?
157563144
In base 6, what is 1102001 + -1220?
1100341
In base 3, what is 10220100111 + 1121?
10220102002
In base 16, what is 245 + -4970?
-472b
In base 5, what is -3201 - 1031001?
-1034202
In base 15, what is 11ec41 - -19?
11ec5a
In base 12, what is -1126670 - -2?
-112666a
In base 3, what is 2020 - -11210000101?
11210002121
In base 11, what is -21557a + -21?
-2155a0
In base 2, what is -100 - 1111110111110101010101010?
-1111110111110101010101110
In base 8, what is -3 + 12452252?
12452247
In base 11, what is 8476 + 5a0?
8a66
In base 7, what is 5 + 2560132235?
2560132243
In base 16, what is ff7c - -80?
fffc
In base 2, what is -1111111011000100101 + -10101?
-1111111011000111010
In base 8, what is -144103523 + -2?
-144103525
In base 5, what is 4 + -1113144402?
-1113144343
In base 16, what is -6 + -2d8dad?
-2d8db3
In base 10, what is -149993107 + -1?
-149993108
In base 3, what is 100 + 102112201212122?
102112201212222
In base 16, what is 2 - -506c31?
506c33
In base 3, what is 210100111 + -22202?
210000202
In base 13, what is 2 - 14328c4?
-14328c2
In base 4, what is 100 + -3132233031?
-3132232331
In base 10, what is -10797177 - 3?
-10797180
In base 14, what is 31cd399 - 11?
31cd388
In base 14, what is -6 - -47a8bb7?
47a8bb1
In base 9, what is -3042304 + 17?
-3042276
In base 5, what is -11142 - 4100412?
-4112104
In base 8, what is -1 + 4645530?
4645527
In base 3, what is -112120020002220200 - 0?
-112120020002220200
In base 4, what is -1022133 - 3330122?
-11012321
In base 9, what is 60 + 47481452?
47481522
In base 5, what is -11 + -402422114441?
-402422120002
In base 9, what is 26265 + 153?
26428
In base 7, what is 115245 - -5332?
123610
In base 3, what is 11 + 2120211110211?
2120211110222
In base 3, what is 2220020012210 - 1?
2220020012202
In base 7, what is 605 - -5440102?
5441010
In base 10, what is 5 - 12841396?
-12841391
In base 12, what is -1 + 6123b3?
6123b2
In base 8, what is 231052 - -1304?
232356
In base 6, what is -2 + 544033501?
544033455
In base 7, what is -621 - -122625?
122004
In base 3, what is -10021 - -1001121110010?
1001121022212
In base 6, what is 24 - -50035244?
50035312
In base 15, what is 25 - -3bce4?
3bd19
In base 10, what is -235042 + 2639?
-232403
In base 3, what is -101 - -112000221?
112000120
In base 2, what is -110001101010011101 + 1000?
-110001101010010101
In base 11, what is -14608 + -29a5?
-17502
In base 13, what is -7613977 - 2?
-7613979
In base 9, what is 87532174 + -15?
87532158
In base 15, what is -24a85a - -4?
-24a856
In base 14, what is 11098 + -2b?
1106b
In base 12, what is 953a40 - -9?
953a49
In base 16, what is -1 + -1439b33b?
-1439b33c
In base 4, what is 122303233 - -1221200?
130131033
In base 5, what is 13014123 - 242?
13013331
In base 12, what is -5 + -1312450?
-1312455
In base 3, what is 201 + 12011010011110?
12011010012011
In base 12, what is 2 + -118a620b?
-118a6209
In base 7, what is 14653 - -1042011?
1056664
In base 15, what is 0 + 36745b6?
36745b6
In base 11, what is 750 + 6599?
7239
In base 10, what is 164 + 31431?
31595
In base 6, what 